 tens digit of 420?
2
What is the units digit of 782?
2
What is the hundreds digit of 3731?
7
What is the hundreds digit of 1029?
0
What is the tens digit of 89?
8
What is the hundreds digit of 1045?
0
What is the tens digit of 613?
1
What is the hundreds digit of 3523?
5
What is the ten thousands digit of 20796?
2
What is the ten thousands digit of 70022?
7
What is the hundreds digit of 3937?
9
What is the tens digit of 256?
5
What is the ten thousands digit of 38668?
3
What is the hundreds digit of 23539?
5
What is the thousands digit of 27802?
7
What is the hundreds digit of 1032?
0
What is the hundreds digit of 323?
3
What is the thousands digit of 3355?
3
What is the hundreds digit of 373?
3
What is the hundreds digit of 289?
2
What is the tens digit of 6832?
3
What is the ten thousands digit of 63498?
6
What is the thousands digit of 2030?
2
What is the units digit of 180?
0
What is the units digit of 24057?
7
What is the thousands digit of 157957?
7
What is the hundreds digit of 884?
8
What is the tens digit of 3534?
3
What is the hundreds digit of 2864?
8
What is the thousands digit of 32832?
2
What is the thousands digit of 13938?
3
What is the units digit of 333?
3
What is the tens digit of 412?
1
What is the units digit of 6870?
0
What is the hundreds digit of 68366?
3
What is the units digit of 62591?
1
What is the thousands digit of 1153?
1
What is the tens digit of 318?
1
What is the hundreds digit of 81785?
7
What is the units digit of 1253?
3
What is the ten thousands digit of 10380?
1
What is the hundreds digit of 14099?
0
What is the ten thousands digit of 67199?
6
What is the units digit of 6003?
3
What is the tens digit of 22?
2
What is the ten thousands digit of 41096?
4
What is the units digit of 885?
5
What is the tens digit of 3706?
0
What is the units digit of 1730?
0
What is the units digit of 5668?
8
What is the units digit of 74883?
3
What is the tens digit of 1412?
1
What is the thousands digit of 106246?
6
What is the units digit of 6155?
5
What is the units digit of 26616?
6
What is the thousands digit of 86982?
6
What is the thousands digit of 5891?
5
What is the thousands digit of 98247?
8
What is the ten thousands digit of 128281?
2
What is the ten thousands digit of 49902?
4
What is the ten thousands digit of 43561?
4
What is the tens digit of 709?
0
What is the tens digit of 772?
7
What is the hundreds digit of 645?
6
What is the hundreds digit of 29628?
6
What is the tens digit of 21166?
6
What is the thousands digit of 8167?
8
What is the tens digit of 1634?
3
What is the hundreds digit of 255?
2
What is the ten thousands digit of 115852?
1
What is the thousands digit of 1787?
1
What is the tens digit of 1713?
1
What is the units digit of 5682?
2
What is the tens digit of 8163?
6
What is the thousands digit of 3907?
3
What is the hundreds digit of 877?
8
What is the thousands digit of 1004?
1
What is the hundreds digit of 1449?
4
What is the thousands digit of 4502?
4
What is the units digit of 1203?
3
What is the thousands digit of 112748?
2
What is the tens digit of 10625?
2
What is the units digit of 67689?
9
What is the ten thousands digit of 10805?
1
What is the thousands digit of 3883?
3
What is the units digit of 4204?
4
What is the units digit of 31347?
7
What is the hundreds digit of 34610?
6
What is the tens digit of 281?
8
What is the units digit of 95790?
0
What is the units digit of 7895?
5
What is the thousands digit of 9639?
9
What is the thousands digit of 32917?
2
What is the units digit of 1726?
6
What is the units digit of 13525?
5
What is the units digit of 115852?
2
What is the thousands digit of 35310?
5
What is the tens digit of 25635?
3
What is the thousands digit of 1059?
1
What is the hundreds digit of 6258?
2
What is the hundreds digit of 1160?
1
What is the ten thousands digit of 18202?
1
What is the tens digit of 1993?
9
What is the tens digit of 22503?
0
What is the thousands digit of 1618?
1
What is the units digit of 1916?
6
What is the thousands digit of 10803?
0
What is the thousands digit of 19693?
9
What is the tens digit of 395?
9
What is the thousands digit of 14099?
4
What is the units digit of 39029?
9
What is the thousands digit of 21295?
1
What is the hundreds digit of 22631?
6
What is the units digit of 51?
1
What is the hundreds digit of 12302?
3
What is the hundred thousands digit of 117774?
1
What is the tens digit of 5953?
5
What is the units digit of 3249?
9
What is the tens digit of 28663?
6
What is the units digit of 1525?
5
What is the units digit of 43301?
1
What is the hundreds digit of 724?
7
What is the tens digit of 524?
2
What is the thousands digit of 8697?
8
What is the thousands digit of 5591?
5
What is the hundreds digit of 12081?
0
What is the hundreds digit of 29409?
4
What is the hundreds digit of 25309?
3
What is the hundreds digit of 689?
6
What is the ten thousands digit of 11705?
1
What is the hundreds digit of 29566?
5
What is the ten thousands digit of 38322?
3
What is the thousands digit of 1425?
1
What is the hundreds digit of 6009?
0
What is the tens digit of 10543?
4
What is the units digit of 292?
2
What is the thousands digit of 7886?
7
What is the units digit of 141?
1
What is the ten thousands digit of 75216?
7
What is the tens digit of 74039?
3
What is the hundreds digit of 344?
3
What is the tens digit of 140?
4
What is the tens digit of 3692?
9
What is the hundreds digit of 28964?
9
What is the hundreds digit of 3706?
7
What is the tens digit of 19509?
0
What is the units digit of 1265?
5
What is the tens digit of 48651?
5
What is the thousands digit of 26721?
6
What is the tens digit of 39554?
5
What is the tens digit of 3240?
4
What is the units digit of 292?
2
What is the thousands digit of 63529?
3
What is the thousands digit of 11567?
1
What is the hundreds digit of 15626?
6
What is the thousands digit of 41790?
1
What is the hundred thousands digit of 113305?
1
What is the units digit of 7066?
6
What is the hundreds digit of 18572?
5
What is the thousands digit of 29451?
9
What is the units digit of 111?
1
What is the hundreds digit of 495?
4
What is the hundreds digit of 2181?
1
What is the tens digit of 1599?
9
What is the hundreds digit of 17226?
2
What is the thousands digit of 1064?
1
What is the tens digit of 1211?
1
What is the hundreds digit of 1539?
5
What is the units digit of 19184?
4
What is the units digit of 39820?
0
What is the thousands digit of 11026?
1
What is the units digit of 67?
7
What is the tens digit of 70709?
0
What is the thousands digit of 77303?
7
What is the hundreds digit of 1767?
7
What is the tens digit of 1723?
2
What is the tens digit of 36336?
3
What is the thousands digit of 1074?
1
What is the hundreds digit of 10516?
5
What is the tens digit of 66188?
8
What is the ten thousands digit of 28921?
2
What is the units digit of 17147?
7
What is the tens digit of 11937?
3
What is the hundreds digit of 5111?
1
What is the hundreds digit of 6670?
6
What is the thousands digit of 2919?
2
What is the thousands digit of 8897?
8
What is the units digit of 46206?
6
What is the thousands digit of 18279?
8
What is the hundreds digit of 350?
3
What is the thousands digit of 1826?
1
What is the tens digit of 136977?
7
What is the thousands digit of 8082?
8
What is the hundreds digit of 48828?
8
What is the thousands digit of 5165?
5
What is the hundreds digit of 1304?
3
What is the tens digit of 314?
1
What is the units digit of 74629?
9
What is the units digit of 23534?
4
What is the hundreds digit of 378?
3
What is the tens digit of 212?
1
What is the units digit of 5327?
7
What is the hundreds digit of 9050?
0
What is the units digit of 56072?
2
What is the units digit of 1139?
9
What is the tens digit of 16760?
6
What is the tens digit of 6616?
1
What is the units digit of 15?
5
What is the thousands digit of 1368?
1
What is the units digit of 995?
5
What is the tens digit of 1321?
2
What is the tens digit of 679?
7
What is the tens digit of 6533?
3
What is the tens digit of 971?
7
What is the thousands digit of 1275?
1
What is the units digit of 4366?
6
What is the units digit of 2480?
0
What is the tens digit of 3760?
6
What is the units digit of 1947?
7
What is the tens digit of 45817?
1